and 32185.
205
Calculate the greatest common divisor of 411 and 429769.
137
Calculate the greatest common divisor of 774879 and 21.
21
Calculate the highest common factor of 4360801 and 6355.
1271
Calculate the highest common factor of 299761 and 476.
119
What is the greatest common factor of 14 and 23?
1
What is the highest common factor of 1336784 and 603?
67
Calculate the highest common factor of 42 and 1048768.
14
What is the greatest common factor of 14 and 341782?
14
Calculate the highest common factor of 1022 and 10074.
146
What is the greatest common divisor of 16929 and 7315?
209
What is the greatest common divisor of 1517 and 212257?
41
Calculate the highest common divisor of 380 and 18335.
95
What is the greatest common divisor of 1357 and 253?
23
What is the highest common factor of 17759 and 28?
7
What is the highest common factor of 246384 and 3717?
531
Calculate the greatest common factor of 8151 and 13813.
19
Calculate the highest common divisor of 1 and 41443.
1
Calculate the greatest common divisor of 2785 and 511883.
557
What is the greatest common divisor of 6625 and 250?
125
Calculate the highest common factor of 98 and 1374.
2
Calculate the highest common divisor of 218 and 819135.
109
What is the highest common factor of 199 and 226064?
199
What is the highest common divisor of 19 and 292163?
19
What is the highest common divisor of 52 and 110812?
52
Calculate the greatest common factor of 828 and 1794.
138
What is the greatest common factor of 192009 and 174?
87
Calculate the highest common factor of 276 and 377476.
92
What is the highest common factor of 33251 and 205?
41
Calculate the greatest common factor of 45 and 4311.
9
Calculate the highest common factor of 13 and 11349.
13
Calculate the highest common factor of 186644 and 928.
116
Calculate the highest common factor of 90432 and 4896.
288
Calculate the highest common factor of 124519 and 3647.
521
What is the greatest common divisor of 24 and 1013868?
12
Calculate the highest common divisor of 153647 and 13.
13
Calculate the highest common divisor of 385 and 10360.
35
What is the greatest common divisor of 96789 and 165?
33
What is the highest common factor of 545151 and 3?
3
What is the greatest common factor of 63 and 466221?
21
What is the greatest common divisor of 1370 and 3580?
10
Calculate the greatest common divisor of 86612 and 4720.
236
Calculate the highest common factor of 50019 and 9.
3
What is the highest common divisor of 100 and 209740?
20
Calculate the greatest common factor of 2009 and 68880.
287
Calculate the highest common factor of 3056 and 139430.
382
Calculate the highest common factor of 4867 and 2198.
157
Calculate the greatest common factor of 442242 and 7821.
711
What is the greatest common divisor of 564 and 166239?
141
What is the highest common divisor of 310779 and 126?
63
What is the highest common divisor of 432 and 468072?
216
Calculate the greatest common factor of 2315 and 6019.
463
Calculate the highest common factor of 494 and 25118.
38
Calculate the greatest common divisor of 18 and 2080107.
9
What is the highest common factor of 635 and 14340?
5
What is the greatest common divisor of 62 and 890227?
31
What is the highest common factor of 727090 and 238?
238
What is the highest common divisor of 57856 and 24?
8
What is the highest common factor of 812296 and 152?
8
What is the highest common divisor of 649810 and 2520?
70
Calculate the greatest common factor of 390 and 100670.
10
What is the greatest common factor of 31 and 514?
1
What is the highest common divisor of 4280 and 153224?
856
What is the greatest common factor of 117 and 10920?
39
What is the greatest common divisor of 8460 and 1440?
180
What is the highest common divisor of 28796 and 148?
4
Calculate the highest common divisor of 343 and 966917.
343
Calculate the highest common divisor of 6566 and 1456714.
938
Calculate the greatest common divisor of 5022 and 1686.
6
What is the highest common factor of 12 and 17952?
12
What is the greatest common divisor of 32945 and 187?
11
What is the highest common divisor of 834825 and 75?
75
What is the highest common factor of 36995 and 665?
35
Calculate the highest common factor of 58221 and 9.
9
What is the highest common divisor of 29627 and 299?
13
Calculate the greatest common factor of 21132 and 531.
9
Calculate the highest common divisor of 576 and 667476.
36
What is the highest common divisor of 930 and 167710?
310
What is the highest common factor of 171650 and 250?
50
Calculate the greatest common divisor of 592026 and 474.
474
What is the highest common divisor of 4 and 18092?
4
What is the highest common divisor of 40363 and 446?
223
Calculate the highest common factor of 31866 and 1974.
282
Calculate the greatest common factor of 130 and 162730.
10
Calculate the greatest common factor of 19018 and 851.
37
Calculate the greatest common divisor of 10 and 23.
1
Calculate the highest common divisor of 1265690 and 667.
23
Calculate the greatest common factor of 18877 and 86.
43
What is the greatest common factor of 71 and 2541019?
71
Calculate the greatest common factor of 57564 and 12341.
41
What is the highest common divisor of 4362 and 246?
6
What is the highest common factor of 168 and 808024?
56
What is the highest common divisor of 11 and 680097?
11
Calculate the highest common divisor of 41 and 6031.
1
What is the highest common factor of 705 and 10434?
141
Calculate the highest common divisor of 458609 and 11707.
509
What is the greatest common factor of 570 and 422598?
114
What is the greatest common factor of 16185 and 45?
15
Calculate the greatest common divisor of 287494 and 124.
62
Calculate the highest common divisor of 66 and 9966.
66
Calculate the greatest common divisor of 4 and 171531.
1
What is the greatest common divisor of 482336 and 32?
32
What is the greatest common factor of 15022 and 638?
58
What is the greatest common factor of 865680 and 720?
240
What is the greatest common divisor of 4409478 and 36?
18
What is the highest common divisor of 207 and 16721?
23
What is the greatest common factor of 10650 and 1450?
50
What is the highest common factor of 10549 and 17325?
77
What is the highest common factor of 24620 and 10580?
20
Calculate the highest common divisor of 10868750 and 940.
470
What is the greatest common factor of 8 and 698408?
8
What is the greatest common divisor of 85 and 32572?
17
What is the highest common factor of 7425 and 704825?
275
What is the highest common factor of 181038 and 26?
26
Calculate the highest common factor of 124 and 328260.
4
Calculate the highest common divisor of 552 and 120152.
184
Calculate the highest common factor of 202760 and 80.
40
What is the greatest common factor of 12760 and 10120?
440
Calculate the highest common factor of 3839242 and 158.
158
Calculate the greatest common factor of 154 and 30536.
22
What is the highest common divisor of 346872 and 1341?
447
What is the highest common divisor of 2600 and 568?
8
What is the greatest common factor of 42890 and 24?
2
Calculate the highest common factor of 1360 and 1900.
20
What is the greatest common divisor of 1584 and 774?
18
Calculate the highest common factor of 392 and 70308.
28
What is the greatest common factor of 64570 and 100?
10
What is the highest common factor of 189 and 958293?
63
Calculate the highest common divisor of 77763 and 5880.
147
What is the greatest common divisor of 149274 and 198?
18
Calculate the highest common factor of 370735 and 265.
265
Calculate the greatest common divisor of 40 and 2500.
20
What is the greatest common divisor of 729 and 12431637?
729
Calculate the greatest common factor of 108 and 3091068.
108
What is the greatest common factor of 9672 and 72?
24
What is the highest common divisor of 784 and 290668?
196
Calculate the highest common divisor of 3514 and 3867157.
1757
Calculate the highest common factor of 9595 and 20957.
19
What is the greatest common factor of 27738 and 1608?
402
Calculate the greatest common divisor of 1168 and 36427.
73
Calculate the highest common factor of 2232 and 2388.
12
What is the greatest common divisor of 115235 and 608?
19
What is the greatest common factor of 360 and 167280?
120
What is the highest common 